on factor of 26 and 10114.
26
What is the highest common factor of 365 and 373760?
365
What is the highest common divisor of 22 and 684?
2
Calculate the highest common factor of 1068 and 1920.
12
What is the highest common divisor of 1134 and 1050?
42
Calculate the greatest common factor of 10234 and 372810.
1462
What is the highest common factor of 44120 and 7360?
40
What is the greatest common factor of 7705 and 2185?
115
What is the highest common factor of 46869 and 51?
51
Calculate the greatest common divisor of 576 and 2111760.
144
Calculate the highest common factor of 1930 and 430.
10
What is the highest common factor of 16698 and 484?
242
What is the greatest common divisor of 532016 and 1148?
164
Calculate the highest common factor of 67797 and 4309.
31
What is the highest common factor of 12 and 7083912?
12
Calculate the greatest common divisor of 3063 and 874997.
1021
What is the greatest common divisor of 91 and 4111835?
91
What is the greatest common factor of 94974 and 99?
33
What is the highest common divisor of 54 and 545274?
18
What is the greatest common factor of 407936 and 384?
128
What is the highest common factor of 673 and 6057?
673
What is the highest common factor of 948 and 1788?
12
Calculate the highest common factor of 380 and 151240.
380
Calculate the greatest common divisor of 235 and 125.
5
Calculate the highest common factor of 40260 and 726.
66
Calculate the greatest common divisor of 1169526 and 1368.
114
What is the highest common factor of 566258 and 70?
14
What is the highest common factor of 21790 and 1120?
10
What is the greatest common factor of 212 and 1000322?
106
What is the highest common factor of 24552 and 21120?
264
Calculate the highest common divisor of 1280 and 18730.
10
Calculate the highest common divisor of 120 and 27570.
30
Calculate the greatest common divisor of 133 and 5131.
7
Calculate the highest common factor of 32 and 1186.
2
What is the greatest common factor of 523 and 682?
1
What is the highest common divisor of 1397332 and 68?
68
What is the greatest common factor of 43 and 47429?
43
Calculate the greatest common divisor of 33960 and 240.
120
Calculate the greatest common factor of 912789 and 25488.
1593
What is the highest common divisor of 526992 and 96?
48
What is the highest common factor of 31 and 23343?
31
Calculate the highest common factor of 195 and 38235.
15
Calculate the highest common divisor of 703 and 2451.
19
Calculate the highest common divisor of 873972 and 2277.
99
Calculate the highest common factor of 132 and 5726886.
66
Calculate the greatest common factor of 201 and 233763.
201
What is the highest common factor of 3344 and 784?
16
Calculate the greatest common factor of 113968 and 32.
16
Calculate the highest common divisor of 190 and 39805.
95
Calculate the greatest common factor of 78146 and 4.
2
What is the greatest common factor of 15633 and 5265?
81
What is the greatest common divisor of 416 and 13832?
104
Calculate the highest common divisor of 3552 and 525252.
444
What is the greatest common divisor of 5654 and 88?
22
Calculate the greatest common divisor of 527405 and 1252.
313
Calculate the greatest common factor of 17684635 and 145.
145
Calculate the greatest common divisor of 68560 and 760.
40
Calculate the highest common divisor of 1050 and 16443.
21
What is the highest common divisor of 135168 and 132?
132
Calculate the highest common divisor of 69706 and 56966.
182
Calculate the greatest common divisor of 1482 and 76570.
494
Calculate the greatest common factor of 39955 and 32750.
655
Calculate the greatest common divisor of 662650 and 457.
457
What is the greatest common divisor of 119690 and 30?
10
Calculate the highest common divisor of 1221 and 175269.
111
What is the highest common divisor of 36 and 133524?
36
What is the greatest common divisor of 67158 and 20566?
182
What is the highest common divisor of 1331 and 1760?
11
Calculate the highest common divisor of 131275 and 4720.
295
Calculate the highest common factor of 2709 and 21609.
63
What is the highest common divisor of 30411 and 6417?
279
What is the greatest common factor of 20696 and 65?
13
Calculate the greatest common factor of 111 and 3515.
37
What is the greatest common factor of 686258 and 164?
82
What is the greatest common divisor of 11968 and 7106?
374
What is the highest common factor of 4617 and 3477?
57
Calculate the greatest common factor of 6538 and 231.
7
Calculate the highest common factor of 87269 and 104.
13
Calculate the greatest common factor of 761589 and 18090.
1809
Calculate the highest common factor of 5866 and 518.
14
Calculate the greatest common factor of 244 and 1403.
61
Calculate the highest common factor of 4630 and 715798.
926
Calculate the highest common divisor of 1800 and 85080.
120
What is the greatest common factor of 120 and 494480?
40
What is the greatest common factor of 3735 and 1620?
45
What is the greatest common factor of 638190 and 210?
210
What is the greatest common factor of 154912 and 206?
206
Calculate the greatest common factor of 1428 and 149576.
28
What is the greatest common factor of 20 and 70270?
10
Calculate the greatest common divisor of 78147 and 342.
171
What is the greatest common divisor of 10621 and 112746?
817
What is the greatest common divisor of 26 and 5226?
26
What is the highest common factor of 2132 and 17548?
164
Calculate the greatest common factor of 26019 and 13671.
441
Calculate the highest common factor of 866578 and 268.
134
What is the greatest common divisor of 5568 and 179104?
928
What is the highest common factor of 325381 and 301?
301
What is the greatest common factor of 158 and 3723902?
158
Calculate the highest common divisor of 2210 and 40.
10
Calculate the highest common factor of 483870 and 12954.
762
Calculate the greatest common factor of 90670 and 10.
10
What is the highest common divisor of 6825 and 507?
39
What is the greatest common factor of 2415 and 105455?
805
What is the highest common divisor of 294 and 2142?
42
Calculate the greatest common divisor of 3920 and 40712.
56
What is the highest common factor of 46809 and 182?
7
What is the highest common divisor of 1584 and 66484?
44
What is the highest common divisor of 208777 and 85?
17
Calculate the highest common divisor of 29 and 6476628.
29
Calculate the greatest common factor of 364245 and 105.
105
What is the greatest common factor of 731372 and 804?
268
What is the greatest common factor of 158501 and 7?
7
What is the highest common factor of 804 and 45225?
201
What is the greatest common factor of 17328 and 480?
48
What is the greatest common divisor of 4144 and 590002?
518
What is the highest common divisor of 1 and 907?
1
Calculate the highest common divisor of 803 and 6259.
11
Calculate the highest common factor of 110 and 770.
110
Calculate the greatest common factor of 3063489 and 429.
429
Calculate the highest common divisor of 4605 and 864.
3
Calculate the highest common factor of 178821 and 1253.
179
Calculate the greatest common divisor of 1412 and 154.
2
Calculate the highest common divisor of 1104 and 47679.
69
Calculate the greatest common divisor of 124 and 2077.
31
Calculate the greatest common factor of 660 and 253.
11
Calculate the greatest common factor of 436 and 40.
4
Calculate the highest common factor of 24144 and 192.
48
What is the highest common divisor of 4794941 and 111?
37
Calculate the greatest common divisor of 375 and 2175.
75
Calculate the greatest common factor of 834 and 126.
6
Calculate the highest common divisor of 5825 and 1000.
25
What is the highest common divisor of 105 and 74445?
105
Calculate the highest common divisor of 133325 and 425.
25
Calculate the highest common factor of 6681 and 1309.
17
What is the greatest common factor of 1268 and 270718?
634
What is the greatest common factor of 3977 and 2255?
41
What is the greatest common factor of 90717 and 264?
33
What is the greatest common factor of 16245 and 900?
45
What is the highest common divisor of 8996 and 47056?
692
What is the greatest common factor of 278018 and 286?
26
What is the greatest common divisor of 86575 and 65?
5
Calculate the greatest common factor of 789 and 526.
263
What is the highest common divisor of 24